e 0 = -3*l, 3 = -2*s + 4*l - 7. Suppose 2*w - 3*c - 25 = 0, w - 4*c = -w + 20. What is the remainder when r(s) is divided by w?
17
Let u = 2067 - 351. What is the remainder when u is divided by 20?
16
Let d(x) be the first derivative of -x**4/4 + 11*x**3/3 - 9*x**2/2 + 15*x - 9. Calculate the remainder when d(7) is divided by 38.
34
Suppose -5*t - j = 2*j - 10, 5*j + 2 = t. Let c = 22 - 12. Suppose -b = k + k - c, t*b - 3*k - 27 = 0. Calculate the remainder when 33 is divided by b.
9
Let j(u) = -u**2 - 5*u + 7. Calculate the remainder when 67 is divided by j(-5).
4
Let y = 15 + -13. Suppose y*l = -0*l + 5*w + 20, 3*w = -l + 10. Calculate the remainder when (-192)/(-5) + (-10)/25 is divided by l.
8
Let i be 4 + -8 + (4 - 20). What is the remainder when 20 - ((-16)/10 + (-12)/i) is divided by 6?
3
Let v be 3*((-2)/18)/(18/(-2322)). Suppose -3*n - 2*k - 16 = -4*n, -2*n + 3*k = -35. Let s = v - n. What is the remainder when 61 is divided by s?
19
Let m(u) = 17*u**3 + 68*u + 68. Suppose -9*x - 4 = -5*x. Let z(b) = b + 1. Let f(g) = x*m(g) + 68*z(g). What is the remainder when f(-1) is divided by 10?
7
Calculate the remainder when (-2452)/(-12) - ((-84)/18 - -5) is divided by 73.
58
Let n = 220 + -388. Let k = 311 + n. Suppose 38 + 106 = 4*v. What is the remainder when k is divided by v?
35
Suppose -u - 15 = -2*u + 4*c, u + 3 = -2*c. Suppose 5*r - h = 185, 2*r + 2*h - u - 71 = 0. Calculate the remainder when 145 is divided by r.
34
Calculate the remainder when 191 is divided by ((-357)/14)/(4/(-8)).
38
Suppose 2645 = 20*g - 15. What is the remainder when g is divided by 29?
17
Suppose j = 3*j - 6. Let n be 0*1/(-2) + 5. Suppose 2*t - n - j = 0. What is the remainder when 9 is divided by t?
1
Suppose 47*q = 44*q + 3873. What is the remainder when q is divided by 68?
67
Let n = 138 - 129. Let s(t) = -t**3 - 8*t**2 - 7*t + 6. What is the remainder when n is divided by s(-7)?
3
Suppose -q + 4*q = 15. What is the remainder when 14 is divided by (-80)/32*(-18)/q?
5
Let p be 87/(4/((-32)/12)). Let c = -27 - p. Suppose 0 = -u - 3*t + c, -4*u + 0*t = -3*t - 139. What is the remainder when u is divided by 12?
10
Let d(y) = 23*y**3 - y**2 - 2*y. Let b be d(2). Suppose -b = -3*p - 17. What is the remainder when p is divided by 27?
26
Let f be (-1 - -2)*132/(-12). Let k = 23 + f. What is the remainder when 32 is divided by k?
8
Suppose 3*p - 3*h = 210, 3*h - 216 = 37*p - 40*p. What is the remainder when p is divided by 38?
33
Suppose 0 = 3*t - 0*t - 3*h - 57, -5*h = 0. Let o = t - 15. Suppose 0 = -2*z - o*p + 54, 0*z + 3*p + 54 = 3*z. Calculate the remainder when 82 is divided by z.
19
Suppose -10 = b + 5*y, 5*b - y - 3*y - 8 = 0. Let m(l) = b - 23 + l**2 + 0*l**2 - 1 + 16*l. Calculate the remainder when 23 is divided by m(-18).
11
Let d = 1233 + -1213. Let y be 9*5 + -1 + 1. Suppose -k + y = d. Calculate the remainder when 97 is divided by k.
22
Let h(a) = a**3 + 5*a**2 - 20*a - 32. Let k = 78 - 85. Calculate the remainder when 119 is divided by h(k).
9
Let c(a) = -a**3 - 8*a**2 - 35*a - 29. What is the remainder when 349 is divided by c(-5)?
65
Let s(n) = -2*n**2 - 7*n + 13. Calculate the remainder when 298 is divided by s(0).
12
What is the remainder when 569 is divided by 19/((-5 + 3)/(-1 + -5))?
56
Suppose 76 = w - 2*m, 0*m - 4*m - 238 = -3*w. What is the remainder when 242 is divided by w?
70
Suppose -4*d - a = d - 280, 176 = 3*d - a. Suppose 3*l - d = 189. Calculate the remainder when l is divided by 22.
16
Let p be (-4)/(-10) - 352/5. Let n = p - -75. What is the remainder when n is divided by 2?
1
Let a be (-1)/(6 + -5 - 2). Let p = 18 - -3. Calculate the remainder when 87 - 6 - 3 - a*-4 is divided by p.
19
Let s(y) = 3*y**3 - 3*y**2 + y. Let p be s(1). Calculate the remainder when 25 + p + (-1 - -4) is divided by 9 - (0 - (2 + -1)).
9
Let o be ((-1)/2*0)/(2 + 0). Suppose 38 = 4*i + 3*w - 14, 4*w = o. Calculate the remainder when 45 is divided by i.
6
Let o(d) = 4*d**2 - 6*d + 6. Let q be o(3). Let t(x) = 9*x - 58. What is the remainder when t(q) is divided by 32?
30
Let b(w) be the first derivative of w**3/3 + 2*w**2 + 3*w - 27. What is the remainder when b(5) is divided by 17?
14
Suppose 2*o = -5*j + 94, -2*o - 2*o - 5*j + 168 = 0. Let z = 240 + -230. What is the remainder when o is divided by z?
7
Suppose 0 = -2*o - 4*y + 21 - 5, 0 = 3*o + 3*y - 9. Let f be ((-522)/o)/((-15)/(-10)). What is the remainder when f/30*(-10)/(-2) is divided by 16?
13
Let h = -25 - -48. What is the remainder when 62 is divided by h?
16
Let d(w) = -w**3 - 66*w**2 + 71*w + 277. Calculate the remainder when d(-67) is divided by 1.
0
Suppose 6*l + l = 49. Calculate the remainder when 16 is divided by l.
2
Suppose 18 = -5*t + 53. Suppose 4 = 5*h - 2*w - 33, h - 4*w + t = 0. What is the remainder when h is divided by -3*((-30)/24 - 3/(-12))?
0
Suppose -22*s = -7*s - 2895. What is the remainder when s is divided by 5?
3
Let c be 6/33 + (-831)/33. Let m = 36 + c. Calculate the remainder when 19 is divided by m.
8
Let v be 2/8 + ((-45)/(-12) - 0). Suppose 3*m = -0*m + 2*u + 39, 0 = 4*m + v*u - 32. What is the remainder when 54 is divided by m?
10
Suppose 2*z - 5*l + 1 = 0, 2*z + z = -3*l + 30. What is the remainder when 1/(-1) - (-15 - 2) is divided by z?
2
Let m(f) = 3*f**3 + f**2 + f + 1. Let j = 37 - 34. What is the remainder when m(j) is divided by 32?
30
Let v(s) = 2*s**2 + 8*s - 6. Let p be v(-6). Suppose 0 = -4*y + 2 + p. Calculate the remainder when y is divided by 4.
1
Let c be (-4)/10 + (2 - (-28)/(-5)). What is the remainder when 0/1 - (468/c + -1) is divided by 15?
13
Suppose -7*j - 156 = 3*x - 4*j, -208 = 4*x - 2*j. What is the remainder when 13/(x/(-60)) + 0 + 2 is divided by 7?
3
Calculate the remainder when 7 - 26/4 - (-318)/4 is divided by 17.
12
Suppose -4*c = -0*s - 4*s - 52, 4*c = -2*s - 44. Let w = 21 + s. Suppose -2*i + 1 = -w. Calculate the remainder when 7 is divided by i.
1
Suppose 9*d - 1 = 62. What is the remainder when 18 is divided by ((-1 - -5) + d)*1?
7
Let m(s) = s**3 - s**2 + s - 164. Let w be m(0). Let v = -98 - w. Suppose 4 = 3*c + 19, 0 = -4*g - 5*c + 67. Calculate the remainder when v is divided by g.
20
Calculate the remainder when 17 is divided by 8*7*3/42.
1
Let t(l) = 10*l**2 + 3*l + 1 - 5*l - 2*l**2. Let n be t(1). What is the remainder when 9 is divided by n - (-4 - -3)*-2?
4
Let c = -1728 - -1798. What is the remainder when c is divided by 35?
0
Suppose -4*x = 4*i + 7 - 63, -4*i = x - 11. Calculate the remainder when 764 is divided by x.
14
Suppose 69 = 5*s - 86. Calculate the remainder when 122 is divided by s.
29
Suppose p - 48 = -23. Let v(f) = f**2 - 10*f + 22. What is the remainder when p is divided by v(9)?
12
Let l(v) = 13*v - 58. Suppose 0*n + 3*n - 36 = 0. What is the remainder when l(8) is divided by n?
10
Let l(d) = -16*d + 8. Let k(r) = 16*r - 9. Let q(g) = -5*k(g) - 6*l(g). What is the remainder when 50 is divided by q(1)?
11
Let i(q) = -q**3 - 8*q**2 + 17*q - 6. Let w be i(-9). Let k = w - -95. What is the remainder when 83 is divided by k?
15
Let z be ((-6)/(-12))/(3/(-30)). Calculate the remainder when (-6)/(-10) + (-727)/z is divided by 21.
20
Let p(m) = 3*m - 41. Let l be p(12). Let h(w) = -w - 5 - 2*w**2 + 3*w**2 + 2. Calculate the remainder when 105 is divided by h(l).
24
Suppose -5*j = -5*n + 35, 5*n + 4 = 7*n - 4*j. Suppose -k + 4*y - 2*y = -n, 4*y - 4 = -5*k. Calculate the remainder when 11 is divided by k.
3
Suppose -3*d = 5*l - 148, 2*d - 2*l = 2*l + 84. Let m be ((-158)/6)/(((-5)/(-3))/5). Let z = -66 - m. Calculate the remainder when d is divided by z.
7
Let p(x) = -x**2 - 14*x + 67. Let b be p(-17). Suppose -f + 15 = -3*k, f = k + k + b. Calculate the remainder when 50 is divided by f.
14
Suppose 4 = -k, 6*k = 3*q + 10*k - 98. Calculate the remainder when 339 is divided by q.
35
Suppose v = u + 58 - 298, 4*u - 5*v - 955 = 0. What is the remainder when u is divided by 13?
11
Let g(t) be the third derivative of -t**5/60 - 11*t**4/24 - 3*t**3/2 - 2*t**2. Calculate the remainder when 72 is divided by g(-7).
15
Let p(o) = -13*o**3 - 2*o**2 - o. Let b be p(-1). Suppose -b = -2*z + 4*l, -l = -4*z + 15 - 5. Calculate the remainder when 6 is divided by z.
0
Let l(y) = -6*y - 136. Let c be l(-31). Suppose 0 = 7*j - 